 -62650?
-62653
In base 7, what is -424 - -1212?
455
In base 4, what is -2 - 3331012?
-3331020
In base 6, what is 104 - -5214?
5322
In base 9, what is 176728 - -8?
176737
In base 16, what is -9 + -46b?
-474
In base 9, what is -4881 + 6?
-4874
In base 8, what is 6132 - 60?
6052
In base 2, what is -101101100011000101 - 100?
-101101100011001001
In base 12, what is -18748a - -1?
-187489
In base 7, what is 11655 - 1550?
10105
In base 13, what is -703 + 51?
-682
In base 15, what is 0 - 409a?
-409a
In base 13, what is -7c4 + 64?
-760
In base 15, what is -413 - -18?
-3ea
In base 9, what is 3 + 111518?
111522
In base 15, what is -4 - 11850?
-11854
In base 11, what is 582 - 16?
567
In base 6, what is -22245 - -23?
-22222
In base 7, what is 60 + 145505?
145565
In base 15, what is 4 + 367?
36b
In base 16, what is 2 + -19ff6?
-19ff4
In base 4, what is 0 - 123033322?
-123033322
In base 8, what is 1167650 + 0?
1167650
In base 4, what is -313021 + -11301?
-330322
In base 5, what is 10410443 + 3?
10411001
In base 12, what is 1122 + 44b?
1571
In base 14, what is -cdb838 + 5?
-cdb833
In base 12, what is 10708 + -1a?
106aa
In base 16, what is -6 - -6d484?
6d47e
In base 15, what is c - 25a?
-24d
In base 3, what is -201100 + 10121011?
2212211
In base 6, what is -100405 - 100?
-100505
In base 6, what is -102 + -2524?
-3030
In base 7, what is -1321 + -61?
-1412
In base 7, what is 2 + -110205?
-110203
In base 8, what is 64044 - -40?
64104
In base 5, what is 23013333 - 2?
23013331
In base 15, what is 3 - 1b9e?
-1b9b
In base 4, what is -3 + 2312323321?
2312323312
In base 3, what is 20110 - -21?
20201
In base 6, what is 2120 + 2521?
5041
In base 7, what is 0 + 430066?
430066
In base 14, what is 31 - -154?
185
In base 5, what is 10230 + 2224?
13004
In base 14, what is -34 + -4bc1?
-4c15
In base 12, what is 10 + 8776?
8786
In base 16, what is 144fd5 + -2?
144fd3
In base 15, what is 70a - eac?
-7a2
In base 5, what is 14322144 - -13?
14322212
In base 13, what is -7 - -32cb?
32c4
In base 6, what is -4034 - -111?
-3523
In base 9, what is 4 + -2482366?
-2482362
In base 15, what is -8bb5e + 4?
-8bb5a
In base 14, what is 1b8 - d?
1a9
In base 9, what is 3 + 2404087?
2404101
In base 2, what is -10 - -10000110001011110?
10000110001011100
In base 8, what is -1151074 - -2?
-1151072
In base 7, what is 12 + 21144?
21156
In base 2, what is -1011101101110 + -11?
-1011101110001
In base 12, what is 8a76a + 4?
8a772
In base 5, what is 342300134 + 10?
342300144
In base 5, what is 222 + -212203?
-211431
In base 6, what is -4 + -142443?
-142451
In base 7, what is -62 + 25006?
24614
In base 11, what is -3 + -19a36a?
-19a372
In base 16, what is 25d - 6b?
1f2
In base 16, what is -4a + 208a?
2040
In base 7, what is 6442 - -1114?
10556
In base 16, what is -684 - b?
-68f
In base 10, what is 5 + 572?
577
In base 16, what is 6538 - -1?
6539
In base 4, what is 112330111 + -12?
112330033
In base 16, what is -10ce + -17?
-10e5
In base 4, what is -321 + -223?
-1210
In base 12, what is 63 - 4983?
-4920
In base 13, what is 4014 + 1?
4015
In base 7, what is 65 + -1445?
-1350
In base 3, what is 11212022122 + -2?
11212022120
In base 16, what is 4ee - 4b?
4a3
In base 13, what is 3c + -29bc?
-2980
In base 4, what is 121032333 - 11?
121032322
In base 4, what is 133 - 2122?
-1323
In base 2, what is -10111 + 10010110001101?
10010101110110
In base 11, what is 4 + 1175a2?
1175a6
In base 16, what is -82 + ed?
6b
In base 5, what is -212340 + -20?
-212410
In base 6, what is -1242035 + -5?
-1242044
In base 6, what is -353 - -21335?
20542
In base 6, what is -2213035 + -30?
-2213105
In base 2, what is -100100 - -100101100010?
100100111110
In base 13, what is 84aa - -2?
84ac
In base 5, what is -34133400 - 1?
-34133401
In base 5, what is -1431114 + -21?
-1431140
In base 8, what is -117657 - 11?
-117670
In base 14, what is c754 - -1?
c755
In base 6, what is 4 + 10105154?
10105202
In base 3, what is 1221201 - 202?
1220222
In base 11, what is 2 + 229a?
22a1
In base 11, what is -1 + -4809?
-480a
In base 14, what is -3 + 3c989?
3c986
In base 12, what is 13208a + 0?
13208a
In base 7, what is -1 + -155311?
-155312
In base 13, what is -7ac - -1?
-7ab
In base 13, what is a102 - -4?
a106
In base 3, what is -10 - -221110210?
221110200
In base 12, what is 17a - -63?
221
In base 4, what is 31333010 + 11?
31333021
In base 12, what is -4b - -852?
803
In base 16, what is -147181 - 0?
-147181
In base 15, what is 40c491 - 3?
40c48d
In base 2, what is -1001010111 - -111111?
-1000011000
In base 5, what is 142 - 1000034?
-444342
In base 3, what is 222 + 1010020211?
1010021210
In base 16, what is d5 + -164?
-8f
In base 2, what is 100001110100 - 10000100110?
10001001110
In base 16, what is 5 - 6b?
-66
In base 8, what is -1 - 34664?
-34665
In base 8, what is 11 + 475767?
476000
In base 11, what is 18a048 + 2?
18a04a
In base 7, what is -264 - -33?
-231
In base 16, what is f346 - -2?
f348
In base 7, what is 116611 + 3?
116614
In base 15, what is 21 + e0?
111
In base 11, what is -982 + 195?
-798
In base 15, what is -a3a - 1b?
-a56
In base 7, what is 13 + 2361?
2404
In base 14, what is c3c8 + 2?
c3ca
In base 12, what is 0 - -360b5?
360b5
In base 14, what is -3d + 196?
157
In base 14, what is -14d - -5ab8?
5969
In base 16, what is 4e2ed + 4?
4e2f1
In base 14, what is -2 + -39842?
-39844
In base 2, what is 1100001 + -1100010111101010?
-1100010110001001
In base 12, what is 18a - -5380?
554a
In base 15, what is -3bec7 - b?
-3bed3
In base 12, what is -2b0 + -1b?
-30b
In base 5, what is 1443 + 2140?
4133
In base 13, what is 10 + -2957?
-2947
In base 14, what is 21 + 249d4?
24a15
In base 4, what is -1132122 + -1023?
-1133211
In base 5, what is -103422314 - 1?
-103422320
In base 11, what is 173 - -1920?
1a93
In base 11, what is -201 + 0?
-201
In base 7, what is 10246 - 43?
10203
In base 13, what is -3a4 + -78?
-44c
In base 15, what is 2 - -190778?
19077a
In base 7, what is -1236 - -13?
-1223
In base 3, what is -11100 + 121120?
110020
In base 5, what is -4324 + 134?
-4140
In base 8, what is 13 + -1350116?
-1350103
In base 11, what is 139 - 53?
96
In base 11, what is -52680 + -5?
-52685
In base 3, what is 100210102 + -1002?
100202100
In base 13, what is 1109a + -17?
11083
In base 7, what is 35313 - -12?
35325
In base 13, what is -3aa391 - 3?
-3aa394
In base 8, what is 173 + 117?
312
In base 13, what is 305 - 59?
279
In base 11, what is -2 - 1a1589?
-1a1590
In base 7, what is -6 - 34055?
-34064
In base 14, what is 2 + -5a2d4?
-5a2d2
In base 8, what is 0 + -15307?
-15307
In base 3, what is 10 + 11220200?
11220210
In base 3, what is -211210 - -21022?
-120111
In base 13, what is 27 + 58a?
5b4
In base 11, what is -2 - -1a29?
1a27
In base 3, what is 212220 - -1201212?
2121202
In base 11, what is 981 + 8?
989
In base 4, what is 101132 - -3011?
110203
In base 9, what is 1210 - 0?
1210
In base 2, what is -10 + 10111000101001?
10111000100111
In base 8, what is 1 - 23131?
-23130
In base 14, what is -3 - 4163b?
-41640
In base 15, what is 364 + -50?
314
In base 9, what is -25 + -36717?
-36743
In base 11, what is 2 + -98769?
-98767
In base 11, what is 55620 - 4?
55617
In base 15, what is -2b83 + 0?
-2b83
In base 10, what is -429159 + 4?
-429155
In base 6, what is 151005 + 15?
151024
In base 8, what is -676405 - -3?
-676402
In base 7, what is 21 - -35505?
35526
In base 12, what is 2 - -4353?
4355
In base 16, what is e5 + -11?
d4
In base 7, what is -1 - -13620?
13616
In base 15, what is 66 - -1038?
109e
In base 11, what is 70a + -614?
a6
In base 5, what is 213444300 - 3?
213444242
In base 16, what is 5 - 37f?
-37a
In base 16, what is -1ca + 40?
-18a
In base 12, what is 2 + -3934?
-3932
In base 16, what is -4d48 + -26?
-4d6e
In base 4, what is -2 + -230112003?
-230112011
In base 15, what is -1 + -4892?
-4893
In base 7, what is 563511 - 0?
563511
In base 14, what is 8c - -15a?
208
In base 6, what is 101 - 303?
-202
In base 11, what is -1 + -55973?
-55974
In base 6, what is 1 + -440133?
-440132
In base 4, what is 312 + -300?
12
In base 2, what is -100001111001110000 - -100?
-100001111001101100
In base 10, what is -109135 + 1?
-109134
In base 7, what is 2141 - -404?
2545
In base 7, what is -14 - 15656?
-16003
In base 7, what is -3 - -6361?
6355
In base 8, what is 470 + -2?
466
